{"id":1600,"date":"2025-08-22T06:35:19","date_gmt":"2025-08-22T06:35:19","guid":{"rendered":"https:\/\/waldluetle-ev.de\/?page_id=1600"},"modified":"2025-08-22T06:38:44","modified_gmt":"2025-08-22T06:38:44","slug":"impressum","status":"publish","type":"page","link":"https:\/\/waldluetle-ev.de\/index.php\/impressum\/","title":{"rendered":"Impressum"},"content":{"rendered":"<p>[et_pb_section fb_built=&#8220;1&#8243; disabled_on=&#8220;on|on|off&#8220; _builder_version=&#8220;4.27.4&#8243; _module_preset=&#8220;default&#8220; background_enable_color=&#8220;off&#8220; background_image=&#8220;https:\/\/waldluetle-ev.de\/wp-content\/uploads\/2025\/08\/hintergrund-wald-eberfingen-waldluetle-streifen-wald.jpg&#8220; background_position=&#8220;top_center&#8220; z_index=&#8220;2&#8243; max_height=&#8220;110px&#8220; max_height_tablet=&#8220;100px&#8220; max_height_phone=&#8220;100px&#8220; max_height_last_edited=&#8220;on|tablet&#8220; custom_margin=&#8220;0px||0px||false|false&#8220; custom_padding=&#8220;8px||42px||false|false&#8220; hover_enabled=&#8220;0&#8243; global_colors_info=&#8220;{}&#8220; sticky_enabled=&#8220;0&#8243;][\/et_pb_section][et_pb_section fb_built=&#8220;1&#8243; admin_label=&#8220;Sektion&#8220; _builder_version=&#8220;4.27.4&#8243; background_color=&#8220;rgba(255,255,255,0)&#8220; background_enable_image=&#8220;off&#8220; background_size=&#8220;initial&#8220; background_position=&#8220;top_right&#8220; background_horizontal_offset=&#8220;8%&#8220; background_vertical_offset=&#8220;2%&#8220; custom_margin=&#8220;0px||250px||false|false&#8220; custom_padding=&#8220;0px||0px||false|false&#8220; custom_padding_tablet=&#8220;150px||150px|&#8220; hover_enabled=&#8220;0&#8243; background_last_edited=&#8220;on|phone&#8220; background_size_phone=&#8220;contain&#8220; background_image_width_tablet=&#8220;31%&#8220; background_image_width_phone=&#8220;25%&#8220; background_image_height_tablet=&#8220;14%&#8220; background_image_height_phone=&#8220;5%&#8220; background_position_phone=&#8220;bottom_right&#8220; background_horizontal_offset_tablet=&#8220;6%&#8220; background_horizontal_offset_phone=&#8220;6%&#8220; background_vertical_offset_phone=&#8220;-20%&#8220; transparent_background=&#8220;on&#8220; make_fullwidth=&#8220;off&#8220; use_custom_width=&#8220;off&#8220; width_unit=&#8220;on&#8220; global_colors_info=&#8220;{}&#8220; custom_margin_last_edited=&#8220;on|desktop&#8220; sticky_enabled=&#8220;0&#8243; custom_margin_tablet=&#8220;||100px||false|false&#8220; custom_margin_phone=&#8220;||80px||false|false&#8220;][et_pb_row custom_padding_last_edited=&#8220;on|phone&#8220; admin_label=&#8220;Zeile&#8220; _builder_version=&#8220;4.17.3&#8243; background_size=&#8220;initial&#8220; background_position=&#8220;top_left&#8220; background_repeat=&#8220;repeat&#8220; width_tablet=&#8220;100%&#8220; width_phone=&#8220;100%&#8220; width_last_edited=&#8220;on|desktop&#8220; custom_padding=&#8220;80px||5px||false|false&#8220; custom_padding_tablet=&#8220;85px||5px||false|false&#8220; custom_padding_phone=&#8220;10px||5px||false|false&#8220; global_colors_info=&#8220;{}&#8220;][et_pb_column type=&#8220;4_4&#8243; _builder_version=&#8220;4.16&#8243; custom_padding=&#8220;|||&#8220; global_colors_info=&#8220;{}&#8220; custom_padding__hover=&#8220;|||&#8220;][et_pb_text content_tablet=&#8220;<\/p>\n<h4>Impressum<\/h4>\n<p>&#8220; content_phone=&#8220;<\/p>\n<h4>Impressum<\/h4>\n<p>&#8220; content_last_edited=&#8220;on|desktop&#8220; _builder_version=&#8220;4.17.3&#8243; _module_preset=&#8220;default&#8220; header_4_font=&#8220;|700|||||||&#8220; header_4_text_align=&#8220;left&#8220; header_4_text_color=&#8220;#4F3F3B&#8220; header_4_font_size=&#8220;45px&#8220; background_color=&#8220;RGBA(255,255,255,0)&#8220; width=&#8220;100%&#8220; width_tablet=&#8220;100%&#8220; width_phone=&#8220;100%&#8220; width_last_edited=&#8220;on|tablet&#8220; module_alignment=&#8220;center&#8220; custom_margin=&#8220;||40px||false|false&#8220; custom_margin_tablet=&#8220;||0px||false|false&#8220; custom_margin_phone=&#8220;||0px||false|false&#8220; custom_margin_last_edited=&#8220;on|phone&#8220; custom_padding=&#8220;0px||0px|30px|false|false&#8220; custom_padding_tablet=&#8220;||8px|40px|false|false&#8220; custom_padding_phone=&#8220;|||20px|false|false&#8220; custom_padding_last_edited=&#8220;on|desktop&#8220; header_4_font_size_tablet=&#8220;45px&#8220; header_4_font_size_phone=&#8220;40px&#8220; header_4_font_size_last_edited=&#8220;on|phone&#8220; global_colors_info=&#8220;{}&#8220;]<\/p>\n<h4>Impressum<\/h4>\n<p>[\/et_pb_text][\/et_pb_column][\/et_pb_row][et_pb_row custom_padding_last_edited=&#8220;on|phone&#8220; admin_label=&#8220;Zeile&#8220; _builder_version=&#8220;4.17.3&#8243; background_size=&#8220;initial&#8220; background_position=&#8220;top_left&#8220; background_repeat=&#8220;repeat&#8220; width_tablet=&#8220;100%&#8220; width_phone=&#8220;100%&#8220; width_last_edited=&#8220;on|desktop&#8220; custom_margin=&#8220;20px|auto|0px|auto|false|false&#8220; custom_padding=&#8220;0px||0px||false|false&#8220; custom_padding_tablet=&#8220;3px||0px||false|false&#8220; custom_padding_phone=&#8220;0px||0px||false|false&#8220; global_colors_info=&#8220;{}&#8220;][et_pb_column type=&#8220;4_4&#8243; _builder_version=&#8220;4.16&#8243; custom_padding=&#8220;|||&#8220; global_colors_info=&#8220;{}&#8220; custom_padding__hover=&#8220;|||&#8220;][et_pb_text content_tablet=&#8220;<\/p>\n<h4>Angaben gem\u00e4\u00df \u00a7 5 TMG<\/h4>\n<p>Narrenverein Waldl\u00fctle e.V.<br \/>Oberg\u00e4rten 11<br \/>79780 St\u00fchlingen<\/p>\n<p>Vereinsregister: 615<br \/>Registergericht: Amtsgericht Freiburg<\/p>\n<p><strong>Vertreten durch:<\/strong><br \/>Narrenverein Waldl\u00fctle e.V.<br \/>Simone M\u00fcller-Schanz<br \/>Oberg\u00e4rten 11<br \/>79780 St\u00fchlingen<\/p>\n<h4>Kontakt<\/h4>\n<p>Telefon: 07744 929064<br \/>E-Mail: <a href=%22mailto:siller82@yahoo.de%22> <\/a><a href=%22mailto:info@waldluetle-ev.de%22 data-et-target-link=%22_blank%22 rel=%22noopener noreferrer%22>info@waldluetle-ev.de<\/a><a href=%22mailto:info@waldluetle.de%22><\/a><\/p>\n<p>Quelle: <a href=%22https:\/\/www.e-recht24.de%22>e-recht24.de<\/a><\/p>\n<p>&#8220; content_phone=&#8220;<\/p>\n<h4>Angaben gem\u00e4\u00df \u00a7 5 TMG<\/h4>\n<p>Narrenverein Waldl\u00fctle e.V.<br \/>Oberg\u00e4rten 11<br \/>79780 St\u00fchlingen<\/p>\n<p>Vereinsregister: 615<br \/>Registergericht: Amtsgericht Freiburg<\/p>\n<p><strong>Vertreten durch:<\/strong><br \/>Narrenverein Waldl\u00fctle e.V.<br \/>Simone M\u00fcller-Schanz<br \/>Oberg\u00e4rten 11<br \/>79780 St\u00fchlingen<\/p>\n<h4>Kontakt<\/h4>\n<p>Telefon: 07744 929064<br \/>E-Mail: <a href=%22mailto:siller82@yahoo.de%22> <\/a><a href=%22mailto:info@waldluetle-ev.de%22 data-et-target-link=%22_blank%22 rel=%22noopener noreferrer%22>info@waldluetle-ev.de<\/a><a href=%22mailto:info@waldluetle.de%22><\/a><\/p>\n<p>Quelle: <a href=%22https:\/\/www.e-recht24.de%22>e-recht24.de<\/a><\/p>\n<p>&#8220; content_last_edited=&#8220;on|phone&#8220; admin_label=&#8220;Zitat&#8220; _builder_version=&#8220;4.27.4&#8243; text_font=&#8220;&#8211;et_global_body_font||||||||&#8220; text_text_color=&#8220;#000000&#8243; text_font_size=&#8220;24px&#8220; text_line_height=&#8220;1.5em&#8220; header_4_font=&#8220;Roboto Slab|700|||||||&#8220; header_4_text_color=&#8220;#000000&#8243; header_4_font_size=&#8220;30px&#8220; background_enable_color=&#8220;off&#8220; background_size=&#8220;initial&#8220; background_position=&#8220;top_left&#8220; background_repeat=&#8220;repeat&#8220; background_layout=&#8220;dark&#8220; max_width=&#8220;95%&#8220; max_width_tablet=&#8220;90%&#8220; max_width_phone=&#8220;90%&#8220; max_width_last_edited=&#8220;on|tablet&#8220; module_alignment=&#8220;center&#8220; custom_margin=&#8220;||||false|false&#8220; custom_padding=&#8220;0px|30px|||false|false&#8220; custom_padding_tablet=&#8220;|0px|||false|false&#8220; custom_padding_phone=&#8220;|0px|||false|false&#8220; custom_padding_last_edited=&#8220;on|phone&#8220; hover_enabled=&#8220;0&#8243; header_4_font_size_tablet=&#8220;30px&#8220; header_4_font_size_phone=&#8220;23px&#8220; header_4_font_size_last_edited=&#8220;on|phone&#8220; use_border_color=&#8220;off&#8220; border_color=&#8220;#ffffff&#8220; border_style=&#8220;solid&#8220; global_colors_info=&#8220;{}&#8220; sticky_enabled=&#8220;0&#8243;]<\/p>\n<h4>Angaben gem\u00e4\u00df \u00a7 5 TMG<\/h4>\n<p>Narrenverein Waldl\u00fctle e.V.<br \/>Oberg\u00e4rten 11<br \/>79780 St\u00fchlingen<\/p>\n<p>Vereinsregister: 615<br \/>Registergericht: Amtsgericht Freiburg<\/p>\n<p><strong>Vertreten durch:<\/strong><br \/>Narrenverein Waldl\u00fctle e.V.<br \/>Simone M\u00fcller-Schanz<br \/>Oberg\u00e4rten 11<br \/>79780 St\u00fchlingen<\/p>\n<h4>Kontakt<\/h4>\n<p>Telefon: 07744 929064<br \/>E-Mail: <a href=\"mailto:info@waldluetle-ev.de\" target=\"_blank\" rel=\"noopener noreferrer\">info@waldluetle-ev.de<\/a><\/p>\n<p>Quelle: <a href=\"https:\/\/www.e-recht24.de\">e-recht24.de<\/a><\/p>\n<p>[\/et_pb_text][\/et_pb_column][\/et_pb_row][\/et_pb_section]<\/p>\n","protected":false},"excerpt":{"rendered":"<p>ImpressumAngaben gem\u00e4\u00df \u00a7 5 TMG Narrenverein Waldl\u00fctle e.V.Oberg\u00e4rten 1179780 St\u00fchlingen Vereinsregister: 615Registergericht: Amtsgericht Freiburg Vertreten durch:Narrenverein Waldl\u00fctle e.V.Simone M\u00fcller-SchanzOberg\u00e4rten 1179780 St\u00fchlingen Kontakt Telefon: 07744 929064E-Mail: info@waldluetle-ev.de Quelle: e-recht24.de<\/p>\n","protected":false},"author":1,"featured_media":0,"parent":0,"menu_order":0,"comment_status":"closed","ping_status":"closed","template":"","meta":{"_et_pb_use_builder":"on","_et_pb_old_content":"","_et_gb_content_width":"","footnotes":""},"class_list":["post-1600","page","type-page","status-publish","hentry"],"yoast_head":"<!-- This site is optimized with the Yoast SEO plugin v25.8 - https:\/\/yoast.com\/wordpress\/plugins\/seo\/ -->\n<title>Impressum - Waldluetle.de<\/title>\n<meta name=\"robots\" content=\"index, follow, max-snippet:-1, max-image-preview:large, max-video-preview:-1\" \/>\n<link rel=\"canonical\" href=\"https:\/\/waldluetle-ev.de\/index.php\/impressum\/\" \/>\n<meta property=\"og:locale\" content=\"de_DE\" \/>\n<meta property=\"og:type\" content=\"article\" \/>\n<meta property=\"og:title\" content=\"Impressum - Waldluetle.de\" \/>\n<meta property=\"og:description\" content=\"ImpressumAngaben gem\u00e4\u00df \u00a7 5 TMG Narrenverein Waldl\u00fctle e.V.Oberg\u00e4rten 1179780 St\u00fchlingen Vereinsregister: 615Registergericht: Amtsgericht Freiburg Vertreten durch:Narrenverein Waldl\u00fctle e.V.Simone M\u00fcller-SchanzOberg\u00e4rten 1179780 St\u00fchlingen Kontakt Telefon: 07744 929064E-Mail: info@waldluetle-ev.de Quelle: e-recht24.de\" \/>\n<meta property=\"og:url\" content=\"https:\/\/waldluetle-ev.de\/index.php\/impressum\/\" \/>\n<meta property=\"og:site_name\" content=\"Waldluetle.de\" \/>\n<meta property=\"article:modified_time\" content=\"2025-08-22T06:38:44+00:00\" \/>\n<meta name=\"twitter:card\" content=\"summary_large_image\" \/>\n<meta name=\"twitter:label1\" content=\"Gesch\u00e4tzte Lesezeit\" \/>\n\t<meta name=\"twitter:data1\" content=\"1\u00a0Minute\" \/>\n<script type=\"application\/ld+json\" class=\"yoast-schema-graph\">{\"@context\":\"https:\/\/schema.org\",\"@graph\":[{\"@type\":\"WebPage\",\"@id\":\"https:\/\/waldluetle-ev.de\/index.php\/impressum\/\",\"url\":\"https:\/\/waldluetle-ev.de\/index.php\/impressum\/\",\"name\":\"Impressum - Waldluetle.de\",\"isPartOf\":{\"@id\":\"https:\/\/waldluetle-ev.de\/#website\"},\"datePublished\":\"2025-08-22T06:35:19+00:00\",\"dateModified\":\"2025-08-22T06:38:44+00:00\",\"breadcrumb\":{\"@id\":\"https:\/\/waldluetle-ev.de\/index.php\/impressum\/#breadcrumb\"},\"inLanguage\":\"de\",\"potentialAction\":[{\"@type\":\"ReadAction\",\"target\":[\"https:\/\/waldluetle-ev.de\/index.php\/impressum\/\"]}]},{\"@type\":\"BreadcrumbList\",\"@id\":\"https:\/\/waldluetle-ev.de\/index.php\/impressum\/#breadcrumb\",\"itemListElement\":[{\"@type\":\"ListItem\",\"position\":1,\"name\":\"Startseite\",\"item\":\"https:\/\/waldluetle-ev.de\/\"},{\"@type\":\"ListItem\",\"position\":2,\"name\":\"Impressum\"}]},{\"@type\":\"WebSite\",\"@id\":\"https:\/\/waldluetle-ev.de\/#website\",\"url\":\"https:\/\/waldluetle-ev.de\/\",\"name\":\"Waldluetle.de\",\"description\":\"\",\"potentialAction\":[{\"@type\":\"SearchAction\",\"target\":{\"@type\":\"EntryPoint\",\"urlTemplate\":\"https:\/\/waldluetle-ev.de\/?s={search_term_string}\"},\"query-input\":{\"@type\":\"PropertyValueSpecification\",\"valueRequired\":true,\"valueName\":\"search_term_string\"}}],\"inLanguage\":\"de\"}]}<\/script>\n<!-- \/ Yoast SEO plugin. -->","yoast_head_json":{"title":"Impressum - Waldluetle.de","robots":{"index":"index","follow":"follow","max-snippet":"max-snippet:-1","max-image-preview":"max-image-preview:large","max-video-preview":"max-video-preview:-1"},"canonical":"https:\/\/waldluetle-ev.de\/index.php\/impressum\/","og_locale":"de_DE","og_type":"article","og_title":"Impressum - Waldluetle.de","og_description":"ImpressumAngaben gem\u00e4\u00df \u00a7 5 TMG Narrenverein Waldl\u00fctle e.V.Oberg\u00e4rten 1179780 St\u00fchlingen Vereinsregister: 615Registergericht: Amtsgericht Freiburg Vertreten durch:Narrenverein Waldl\u00fctle e.V.Simone M\u00fcller-SchanzOberg\u00e4rten 1179780 St\u00fchlingen Kontakt Telefon: 07744 929064E-Mail: info@waldluetle-ev.de Quelle: e-recht24.de","og_url":"https:\/\/waldluetle-ev.de\/index.php\/impressum\/","og_site_name":"Waldluetle.de","article_modified_time":"2025-08-22T06:38:44+00:00","twitter_card":"summary_large_image","twitter_misc":{"Gesch\u00e4tzte Lesezeit":"1\u00a0Minute"},"schema":{"@context":"https:\/\/schema.org","@graph":[{"@type":"WebPage","@id":"https:\/\/waldluetle-ev.de\/index.php\/impressum\/","url":"https:\/\/waldluetle-ev.de\/index.php\/impressum\/","name":"Impressum - Waldluetle.de","isPartOf":{"@id":"https:\/\/waldluetle-ev.de\/#website"},"datePublished":"2025-08-22T06:35:19+00:00","dateModified":"2025-08-22T06:38:44+00:00","breadcrumb":{"@id":"https:\/\/waldluetle-ev.de\/index.php\/impressum\/#breadcrumb"},"inLanguage":"de","potentialAction":[{"@type":"ReadAction","target":["https:\/\/waldluetle-ev.de\/index.php\/impressum\/"]}]},{"@type":"BreadcrumbList","@id":"https:\/\/waldluetle-ev.de\/index.php\/impressum\/#breadcrumb","itemListElement":[{"@type":"ListItem","position":1,"name":"Startseite","item":"https:\/\/waldluetle-ev.de\/"},{"@type":"ListItem","position":2,"name":"Impressum"}]},{"@type":"WebSite","@id":"https:\/\/waldluetle-ev.de\/#website","url":"https:\/\/waldluetle-ev.de\/","name":"Waldluetle.de","description":"","potentialAction":[{"@type":"SearchAction","target":{"@type":"EntryPoint","urlTemplate":"https:\/\/waldluetle-ev.de\/?s={search_term_string}"},"query-input":{"@type":"PropertyValueSpecification","valueRequired":true,"valueName":"search_term_string"}}],"inLanguage":"de"}]}},"_links":{"self":[{"href":"https:\/\/waldluetle-ev.de\/index.php\/wp-json\/wp\/v2\/pages\/1600","targetHints":{"allow":["GET"]}}],"collection":[{"href":"https:\/\/waldluetle-ev.de\/index.php\/wp-json\/wp\/v2\/pages"}],"about":[{"href":"https:\/\/waldluetle-ev.de\/index.php\/wp-json\/wp\/v2\/types\/page"}],"author":[{"embeddable":true,"href":"https:\/\/waldluetle-ev.de\/index.php\/wp-json\/wp\/v2\/users\/1"}],"replies":[{"embeddable":true,"href":"https:\/\/waldluetle-ev.de\/index.php\/wp-json\/wp\/v2\/comments?post=1600"}],"version-history":[{"count":3,"href":"https:\/\/waldluetle-ev.de\/index.php\/wp-json\/wp\/v2\/pages\/1600\/revisions"}],"predecessor-version":[{"id":1605,"href":"https:\/\/waldluetle-ev.de\/index.php\/wp-json\/wp\/v2\/pages\/1600\/revisions\/1605"}],"wp:attachment":[{"href":"https:\/\/waldluetle-ev.de\/index.php\/wp-json\/wp\/v2\/media?parent=1600"}],"curies":[{"name":"wp","href":"https:\/\/api.w.org\/{rel}","templated":true}]}}